h(2).
3, 7
Suppose 0*a + 14 = 7*a. Suppose a*j = 4*g + 762, 2*g = -5*j - 3*g + 1950. List the prime factors of j.
3, 43
Suppose 4*b + 4*r - 8 = 0, -b + 4*r + 10 = 3*r. Suppose 2*j + 1104 = b*j - 4*c, 2*c = 3*j - 824. What are the prime factors of j?
2, 17
Let z(i) be the second derivative of -i**6/120 - i**5/30 - i**4/12 + 8*i**2 - 11*i. Let g(c) be the first derivative of z(c). List the prime factors of g(-2).
2
Let t(k) = 6*k**2 + 4*k + 4. Let o be t(6). Suppose 3472 = 16*l - 44*l. Let p = l + o. What are the prime factors of p?
2, 3, 5
Suppose 12*r = 5*u + 516, 5*u - 129 = -46*r + 43*r. List the prime factors of r.
43
Let y(b) = 2*b**3 - 36*b**2 + 103*b - 111. List the prime factors of y(34).
3, 7, 641
Let y(b) = -1896*b + 30. Let l be y(-2). Suppose -3*h + l = 4*h. List the prime factors of h.
2, 3, 7, 13
Let n = 26 + -23. Suppose -n*r + 2*l = 240, 2*r = -2*l - 89 - 81. Let o = 38 - r. What are the prime factors of o?
2, 3, 5
Suppose -4*w + 3*n + 29162 = 0, -w + 1709 = 2*n - 5587. List the prime factors of w.
2, 1823
Let j(c) = 31*c - 4. Let w = -31 + 35. Suppose 3*r - w = 2*r. What are the prime factors of j(r)?
2, 3, 5
Let f(c) = 82*c**2 - c - 1. Let w be f(1). Let d = 22 + -43. What are the prime factors of (-19 - d) + (w - 1)?
3
Let o be (4/6)/(22/66). Suppose 0*y + 117 = y + o*w, 4*w - 4 = 0. Let r = y - -67. What are the prime factors of r?
2, 7, 13
List the prime factors of (79/9)/((-6)/(-20124)) + 1/3.
59, 499
Suppose -167 = -22*x + 229. Suppose -25763 = -x*n - 7475. What are the prime factors of n?
2, 127
Let d(n) = 162*n + 18. Let p = -607 - -612. What are the prime factors of d(p)?
2, 3, 23
Suppose 54*a - 342289 - 822815 = 0. What are the prime factors of a?
2, 3, 29, 31
Let p = 27077 - -6394. List the prime factors of p.
3, 3719
Let b(d) = 3*d**2 + 20*d + 37. Suppose -85*k = -67*k + 234. List the prime factors of b(k).
2, 71
Suppose t - 201 = -203. List the prime factors of t*(-545)/1 + -7.
3, 19
Let o(k) = 150*k**3 + 95*k**2 - 3*k + 20. What are the prime factors of o(6)?
2, 17911
Let b(j) = 1519*j - 17. Suppose 0 = 4*a - 2*a - 5*c - 27, -4*c - 20 = 0. What are the prime factors of b(a)?
2, 751
Suppose t = 4*z - 1, t + 4*z = 6*z + 1. Suppose -t*h = h - 8. Let g(n) = 14*n**2 + 4*n - 4. What are the prime factors of g(h)?
2, 3, 5
Let g(v) = 6*v + 153. Let z be g(-25). Let w(o) = o + 3. Let q be w(-3). Suppose 3*k = -5*x + 151, -2*k + 0*x - z*x + 99 = q. List the prime factors of k.
2, 3, 7
Let h(d) = -d**3 + d - 6. Let j be ((-20)/40)/(1/6). Let a be h(j). Suppose 17*p - a*p + 34 = 0. List the prime factors of p.
2, 17
Let d(j) be the second derivative of -j**4/6 - 6*j**3 - 17*j**2 + 32*j. Let f be d(-17). Suppose 6*q - 287 + 77 = f. What are the prime factors of q?
5, 7
Let f(a) = 169*a**2 + 19*a + 37. List the prime factors of f(-3).
19, 79
List the prime factors of 51704/48 + (-2)/12.
3, 359
Suppose z + 7 = 5*a, -a = 4*a - 10. Suppose z*i - 77 = 613. What are the prime factors of i?
2, 5, 23
Suppose 4*r = 4*p - 4524, 0 = 5*p - r - 5120 - 531. What are the prime factors of p?
2, 5, 113
Suppose -14*s = -10*s + 20, s = -2*r + 23041. What are the prime factors of r?
3, 23, 167
Suppose 8815 - 1495 = 4*u - 9448. List the prime factors of u.
2, 131
Suppose 2*m + 150*q - 149*q = 27716, 3*m - 41580 = -3*q. List the prime factors of m.
2, 433
Let d(c) = -46*c + 1. Let w = 35 + -37. Let v(a) = 44*a - 2. Let n(y) = w*v(y) - 3*d(y). List the prime factors of n(3).
151
Suppose -108 = 9*s - 36*s. Suppose 2498 = 5*u + t + 2*t, -s*t = 4*u - 2000. List the prime factors of u.
499
Suppose -5*h + 2496 = 3*p, 4*h = 3*p - 4*p + 839. Let j = p + -189. List the prime factors of j.
2, 11, 29
Let a(n) = -27*n**2 + 4*n + 34. Let s(u) = -134*u**2 + 18*u + 172. Let v(i) = -11*a(i) + 2*s(i). What are the prime factors of v(-4)?
2, 233
Let a(g) = g**3 + 7*g**2 - 9*g - 10. Let n be a(-8). Let j be ((-2)/6*-41)/(n/(-12)). Let y = 55 + j. What are the prime factors of y?
137
Suppose 5090 = 19*c - 401. Suppose 284*a - c*a = -8535. List the prime factors of a.
3, 569
Let v(s) = s**2 + 6*s + 6. Let t be v(-4). Let j be (30/9)/1*(-3)/t. Suppose -12*g + j*g + 280 = 0. What are the prime factors of g?
2, 5
Suppose -5*b + z = -60, -3*z = b + 2*z - 12. Suppose 3*w - 1658 = -2*g, 9*w + 6 = b*w. What are the prime factors of g?
2, 7, 59
Suppose -2*f - 5*o + 3 = 0, o = 5*f + 23 - 44. Let u(c) = 55*c - 66. List the prime factors of u(f).
2, 7, 11
Let r be (31/((-217)/(-1050)))/((-6)/(-32)). Let j = 1383 - r. What are the prime factors of j?
11, 53
List the prime factors of -19102*(-8)/144*9.
9551
Suppose 2*d + 12 = -v, -d - 6 = 7*v - 3*v. Let a(n) = -n**2 + 11*n + 15. Let h be a(d). List the prime factors of 3 - 0*(-4)/(-16) - h.
2, 3, 5
What are the prime factors of (67/134)/(1/(-30876)*-2)?
3, 31, 83
Suppose -l - 12*y = -10*y - 8, y - 4 = 5*l. Suppose l = 3*v - 8*v + 1865. List the prime factors of v.
373
Let b(c) = 2*c**3 + 16*c**2 + c + 5. Let q be b(-8). Let l be (-32)/(q + 2/2). Let x = 180 + l. List the prime factors of x.
2, 7
Let p(r) be the second derivative of 11*r**3/6 + 9*r**2 - 23*r. Let g be p(-6). Let q = g + 84. What are the prime factors of q?
2, 3
Let f = -120 + 120. Suppose -2*q - 4*c + 1596 = f, 4*c + 1636 = -q + 3*q. List the prime factors of q.
2, 101
Suppose i - 7 = v, -20 = -3*i - i + 2*v. Let k be (-81)/(-54)*(-148)/i. What are the prime factors of (3/6)/((-1)/k)?
37
Let d = 6787 - 498. List the prime factors of d.
19, 331
Suppose -14*m = 7*m + 4*m. Suppose m = 8*k - 11*k + 816. What are the prime factors of k?
2, 17
Suppose -3*l = -3*j - 0*l - 21, j = -3*l + 1. Let f(q) = -q**2 - 6*q + 5. What are the prime factors of f(j)?
2, 5
Suppose -6*i + 8*i = 8. Suppose 510 = 5*h + i*y, -2*h + 4*y - 408 = -6*h. What are the prime factors of h?
2, 3, 17
Let p(r) = 2*r**3 + 5*r**2 - r + 5. Let g = -48 - -43. Let k be p(g). Let b = k - -167. List the prime factors of b.
2, 13
List the prime factors of 269/(8*(-4)/(-544)).
17, 269
Let y(h) = -h**3 - 15*h**2 - 14*h + 3. Let q be y(-14). Suppose 0 = -q*x + 879 - 201. List the prime factors of x.
2, 113
Let f(q) = -q**3 + 26*q**2 - q - 35. Suppose 0 = 6*b - 5*b - 25. What are the prime factors of f(b)?
5, 113
Let d(m) = 359*m**3 - 4*m**2 + 2*m + 31. List the prime factors of d(3).
2, 37, 131
Let i = 2973 - 1818. List the prime factors of i.
3, 5, 7, 11
Let v = 335 + -360. What are the prime factors of 2406/5 + (-20)/v?
2, 241
Let l(q) = -q**2 - 17*q + 1. Let y be l(-12). Suppose x = -9*x + 310. Let g = y + x. What are the prime factors of g?
2, 23
Suppose -137692 - 75021 = -37*o. List the prime factors of o.
5749
Suppose 60*f = -i + 65*f + 4217, -f = -3*i + 12637. What are the prime factors of i?
2, 3, 13
Suppose -a - 28118 = -3*b, b = -0*a + 3*a + 9370. List the prime factors of b.
7, 13, 103
Suppose 629*r - 608*r - 15225 = 0. What are the prime factors of r?
5, 29
Let d = 88 + -91. Let t be ((-10)/(-15))/(d/72). Let h = -7 - t. What are the prime factors of h?
3
Let v(p) = -12*p**2 - 10*p + 35. Let l(k) = 35*k**2 + 31*k - 107. Let r(u) = 6*l(u) + 17*v(u). What are the prime factors of r(8)?
3, 5, 31
Let m = -648 - -644. List the prime factors of m/10 - (-112746)/215.
2, 131
What are the prime factors of -30 + 3079 - (-4 + -6)?
7, 19, 23
Let s(b) = 29*b + 21. Let h = 24 - 19. What are the prime factors of s(h)?
2, 83
Suppose -3*o - 4 = -5*h + 6, 3*o = -3*h - 18. Let p be h/(-3) - (1 - 40/(-12)). What are the prime factors of p/(-14) - (0 + 537/(-7))?
7, 11
Suppose 3*d - 3 = 0, -m - 10 = -0*m + 2*d. What are the prime factors of (-18)/m*4*(-250)/(-12)?
5
Let p = -271 + 282. Suppose -9*d - 1770 = -p*d. List the prime factors of d.
3, 5, 59
Suppose 5*m - 13 = -3*x - 3, -3*m + 6 = x. Suppose 5*u - 5*v = 2690, x*v = -5*u + v + 2682. List the prime factors of u.
2, 67
Let o = -41 - -43. What are the prime factors of 228*(-3)/6*(-8)/o?
2, 3, 19
Let j(w) = -w**3 + 164*w**2 - 387*w + 715. What are the prime factors of j(161)?
103, 157
Let l be 6/((-8)/4) - -156. Let q = l - -111. List the prime factors of q.
2, 3, 11
Suppose 0 = -p, -f - p = -0*f. Let g(m) = -3*m + 12*m - 2*m + f*m + m**2 - 5. List the prime factors of g(-10).
5
Let y = 8 + -6. Suppose 0 = y*p - 78 + 2. Suppose 167 = 4*u - 0*r - r, r + p = u. What